atest common factor of 927 and 27?
9
Calculate the greatest common divisor of 110 and 154.
22
Calculate the highest common divisor of 1472 and 46.
46
Calculate the greatest common divisor of 122 and 18.
2
Calculate the greatest common divisor of 30 and 13030.
10
What is the greatest common divisor of 14 and 1848?
14
What is the highest common divisor of 270 and 20?
10
What is the greatest common divisor of 147 and 98?
49
Calculate the highest common factor of 54 and 42.
6
Calculate the highest common divisor of 49 and 7.
7
Calculate the greatest common factor of 80 and 2480.
80
What is the greatest common factor of 486 and 90?
18
What is the highest common factor of 14 and 101?
1
What is the greatest common factor of 111 and 3293?
37
What is the greatest common divisor of 68 and 1394?
34
What is the highest common factor of 6 and 10?
2
What is the highest common factor of 18 and 477?
9
What is the greatest common divisor of 2725 and 100?
25
What is the highest common factor of 84 and 132?
12
What is the highest common divisor of 66 and 154?
22
What is the highest common factor of 701 and 2?
1
Calculate the greatest common factor of 182 and 156.
26
Calculate the highest common factor of 3154 and 342.
38
Calculate the highest common divisor of 32 and 18016.
32
Calculate the greatest common factor of 8 and 44.
4
What is the highest common divisor of 48 and 432?
48
Calculate the greatest common divisor of 1155 and 660.
165
Calculate the highest common divisor of 88 and 396.
44
Calculate the greatest common factor of 12 and 522.
6
Calculate the greatest common divisor of 102 and 4114.
34
What is the greatest common factor of 11 and 275?
11
What is the greatest common factor of 265 and 110?
5
Calculate the greatest common divisor of 1755 and 1040.
65
What is the greatest common factor of 39 and 91?
13
What is the greatest common divisor of 3 and 4?
1
Calculate the highest common factor of 513 and 54.
27
What is the greatest common factor of 5524 and 12?
4
What is the highest common divisor of 215 and 129?
43
What is the greatest common divisor of 250 and 230?
10
What is the greatest common factor of 10 and 4?
2
Calculate the greatest common divisor of 12 and 114.
6
What is the highest common divisor of 540 and 3900?
60
What is the highest common factor of 56 and 427?
7
What is the greatest common divisor of 19 and 209?
19
Calculate the greatest common divisor of 92 and 253.
23
Calculate the highest common factor of 220 and 160.
20
What is the highest common divisor of 13 and 520?
13
Calculate the greatest common factor of 56 and 1372.
28
Calculate the greatest common factor of 6412 and 28.
28
Calculate the greatest common factor of 18 and 54.
18
Calculate the greatest common divisor of 80 and 34560.
80
What is the highest common divisor of 190 and 50?
10
Calculate the highest common divisor of 984 and 451.
41
Calculate the greatest common factor of 15 and 660.
15
Calculate the highest common factor of 196 and 28.
28
Calculate the greatest common divisor of 60 and 1770.
30
What is the greatest common factor of 132 and 231?
33
Calculate the greatest common divisor of 2070 and 90.
90
Calculate the greatest common factor of 6066 and 36.
18
What is the greatest common factor of 7 and 1477?
7
Calculate the greatest common factor of 54 and 150.
6
What is the highest common factor of 19 and 4237?
19
What is the greatest common divisor of 74 and 6142?
74
What is the highest common divisor of 245 and 2800?
35
Calculate the highest common divisor of 28313 and 92.
23
What is the greatest common divisor of 252 and 5838?
42
Calculate the highest common divisor of 645 and 2365.
215
Calculate the greatest common divisor of 70 and 175.
35
What is the greatest common factor of 2338 and 28?
14
What is the greatest common divisor of 1128 and 3666?
282
Calculate the highest common divisor of 741 and 133.
19
What is the highest common factor of 20 and 1432?
4
Calculate the greatest common divisor of 364 and 14.
14
Calculate the highest common factor of 37238 and 86.
86
What is the highest common divisor of 2881 and 67?
67
What is the greatest common divisor of 261 and 189?
9
Calculate the greatest common factor of 56 and 2296.
56
What is the highest common divisor of 1219 and 92?
23
Calculate the highest common factor of 240 and 11400.
120
What is the highest common divisor of 896 and 84?
28
Calculate the highest common factor of 285 and 114.
57
What is the highest common divisor of 120 and 500?
20
What is the highest common divisor of 160 and 130?
10
What is the highest common factor of 8 and 40?
8
What is the greatest common factor of 77625 and 135?
135
Calculate the highest common factor of 3716 and 2.
2
What is the greatest common divisor of 570 and 65?
5
What is the greatest common divisor of 1102 and 116?
58
What is the highest common factor of 192 and 5824?
64
Calculate the greatest common divisor of 87 and 15.
3
What is the greatest common factor of 33 and 6600?
33
Calculate the highest common divisor of 5288 and 8.
8
Calculate the greatest common factor of 108 and 27.
27
What is the highest common factor of 540 and 2172?
12
Calculate the highest common divisor of 136 and 3604.
68
Calculate the highest common divisor of 84 and 70.
14
What is the greatest common divisor of 133 and 756?
7
What is the highest common factor of 530 and 5194?
106
What is the highest common divisor of 230 and 30?
10
What is the highest common divisor of 522 and 58?
58
Calculate the highest common divisor of 69 and 621.
69
What is the highest common factor of 1872 and 2448?
144
What is the greatest common divisor of 133 and 38?
19
Calculate the greatest common factor of 28 and 224.
28
What is the greatest common factor of 12753 and 109?
109
What is the highest common divisor of 7 and 5?
1
What is the highest common divisor of 7 and 37079?
7
What is the highest common divisor of 189 and 1197?
63
Calculate the greatest common factor of 12732 and 12.
12
What is the greatest common factor of 78 and 12?
6
Calculate the greatest common divisor of 12170 and 60.
10
What is the highest common factor of 7497 and 34?
17
Calculate the highest common divisor of 1541 and 67.
67
What is the greatest common factor of 216 and 8?
8
Calculate the highest common divisor of 2209 and 94.
47
What is the greatest common divisor of 10 and 7335?
5
Calculate the greatest common divisor of 1770 and 75.
15
Calculate the greatest common divisor of 19034 and 62.
62
Calculate the greatest common divisor of 11 and 319.
11
What is the highest common divisor of 2 and 5294?
2
What is the greatest common factor of 486 and 1836?
54
What is the highest common divisor of 1168 and 73?
73
Calculate the highest common divisor of 468 and 52.
52
Calculate the greatest common divisor of 3870 and 13760.
430
Calculate the greatest common divisor of 2540 and 10.
10
What is the highest common factor of 206 and 118?
2
Calculate the highest common factor of 304 and 57.
19
Calculate the greatest common divisor of 12 and 93.
3
What is the highest common factor of 6 and 94?
2
What is the highest common divisor of 100 and 125?
25
What is the highest common divisor of 3312 and 32?
16
Calculate the greatest common divisor of 34 and 8.
2
Calculate the highest common divisor of 15 and 13995.
15
What is the highest common divisor of 19 and 1577?
19
What is the greatest common factor of 10 and 2?
2
What is the highest common divisor of 1204 and 70?
14
What is the highest common divisor of 43 and 1591?
43
Calculate the greatest common divisor of 160 and 1200.
80
Calculate the highest common factor of 1235 and 845.
65
Calculate the greatest common factor of 16 and 496.
16
What is the greatest common divisor of 891 and 11?
11
What is the highest common factor of 172 and 32?
4
What is the greatest common factor of 852 and 12?
12
Calculate the highest common divisor of 378 and 72.
18
What is the greatest common divisor of 160 and 205?
5
Calculate the greatest common divisor of 1235 and 475.
95
Calculate the highest common factor of 72 and 104.
8
What is the greatest common divisor of 96 and 3?
3
Calculate the greatest common divisor of 189 and 729.
27
What is the greatest common divisor of 1001 and 273?
91
Calculate the greatest common factor of 68